 11504 is divided by 1643?
3
Calculate the remainder when 483612 is divided by 127.
123
Calculate the remainder when 2531 is divided by 1236.
59
Calculate the remainder when 34068 is divided by 4853.
97
Calculate the remainder when 52434 is divided by 2622.
2616
Calculate the remainder when 3657 is divided by 68.
53
Calculate the remainder when 185853 is divided by 22.
19
What is the remainder when 6805 is divided by 34?
5
What is the remainder when 386 is divided by 223?
163
What is the remainder when 6318 is divided by 109?
105
What is the remainder when 26238 is divided by 41?
39
Calculate the remainder when 34186 is divided by 111.
109
Calculate the remainder when 7908 is divided by 952.
292
Calculate the remainder when 194 is divided by 69.
56
What is the remainder when 230369 is divided by 2916?
5
What is the remainder when 26976 is divided by 6739?
20
What is the remainder when 1756 is divided by 26?
14
Calculate the remainder when 13992 is divided by 38.
8
What is the remainder when 407015 is divided by 32?
7
What is the remainder when 53691 is divided by 1114?
219
What is the remainder when 29399 is divided by 14655?
89
Calculate the remainder when 21636 is divided by 58.
2
Calculate the remainder when 22038 is divided by 175.
163
What is the remainder when 31151 is divided by 41?
32
Calculate the remainder when 2684 is divided by 9.
2
What is the remainder when 52103 is divided by 27?
20
What is the remainder when 1435799 is divided by 124?
3
Calculate the remainder when 44638 is divided by 186.
184
Calculate the remainder when 5935 is divided by 299.
254
Calculate the remainder when 11596 is divided by 1172.
1048
What is the remainder when 17005 is divided by 50?
5
What is the remainder when 754 is divided by 60?
34
What is the remainder when 2987 is divided by 114?
23
What is the remainder when 73142 is divided by 446?
444
What is the remainder when 24242 is divided by 77?
64
What is the remainder when 53435 is divided by 106?
11
Calculate the remainder when 317 is divided by 121.
75
Calculate the remainder when 7861 is divided by 366.
175
Calculate the remainder when 109005 is divided by 694.
47
Calculate the remainder when 11061 is divided by 115.
21
What is the remainder when 61285 is divided by 183?
163
What is the remainder when 9105 is divided by 1152?
1041
Calculate the remainder when 182210 is divided by 45.
5
What is the remainder when 24228 is divided by 3458?
22
Calculate the remainder when 12906 is divided by 2579.
11
What is the remainder when 29264 is divided by 401?
392
Calculate the remainder when 2370073 is divided by 932.
929
Calculate the remainder when 9650 is divided by 329.
109
What is the remainder when 20507 is divided by 20501?
6
Calculate the remainder when 15971 is divided by 2632.
179
Calculate the remainder when 326596 is divided by 12.
4
What is the remainder when 120742 is divided by 5?
2
Calculate the remainder when 261007 is divided by 176.
175
Calculate the remainder when 26551 is divided by 112.
7
What is the remainder when 1813 is divided by 360?
13
Calculate the remainder when 260445 is divided by 91.
3
Calculate the remainder when 1830 is divided by 264.
246
What is the remainder when 2810 is divided by 264?
170
What is the remainder when 59098 is divided by 19693?
19
What is the remainder when 786 is divided by 738?
48
Calculate the remainder when 7767 is divided by 457.
455
What is the remainder when 3991 is divided by 504?
463
What is the remainder when 12332 is divided by 52?
8
What is the remainder when 2039550 is divided by 199?
198
What is the remainder when 417800 is divided by 73?
21
Calculate the remainder when 373370 is divided by 3849.
17
Calculate the remainder when 728693 is divided by 195.
173
What is the remainder when 772 is divided by 490?
282
What is the remainder when 33553 is divided by 11184?
1
Calculate the remainder when 10413 is divided by 5180.
53
Calculate the remainder when 8881 is divided by 887.
11
Calculate the remainder when 41903 is divided by 145.
143
Calculate the remainder when 17655 is divided by 1764.
15
What is the remainder when 3284 is divided by 723?
392
What is the remainder when 21745 is divided by 5?
0
What is the remainder when 824 is divided by 66?
32
What is the remainder when 61792 is divided by 43?
1
What is the remainder when 2157 is divided by 508?
125
What is the remainder when 539 is divided by 234?
71
What is the remainder when 45403 is divided by 137?
56
Calculate the remainder when 162826 is divided by 95.
91
What is the remainder when 84446 is divided by 10?
6
Calculate the remainder when 77099 is divided by 543.
536
Calculate the remainder when 3205 is divided by 11.
4
What is the remainder when 8467 is divided by 42?
25
Calculate the remainder when 248451 is divided by 85.
81
What is the remainder when 50386 is divided by 38?
36
Calculate the remainder when 2850 is divided by 709.
14
What is the remainder when 24279 is divided by 19?
16
Calculate the remainder when 63430 is divided by 73.
66
What is the remainder when 83225 is divided by 11?
10
What is the remainder when 125851 is divided by 975?
76
Calculate the remainder when 723 is divided by 24.
3
What is the remainder when 38793 is divided by 34?
33
What is the remainder when 912 is divided by 180?
12
What is the remainder when 19077 is divided by 72?
69
What is the remainder when 2034 is divided by 189?
144
What is the remainder when 5445 is divided by 864?
261
What is the remainder when 4887957 is divided by 40?
37
Calculate the remainder when 115642 is divided by 348.
106
Calculate the remainder when 122056 is divided by 803.
0
What is the remainder when 2739 is divided by 75?
39
What is the remainder when 2995094 is divided by 31?
29
Calculate the remainder when 660 is divided by 280.
100
Calculate the remainder when 43845 is divided by 2304.
69
Calculate the remainder when 8000 is divided by 531.
35
Calculate the remainder when 9162 is divided by 32.
10
Calculate the remainder when 3623 is divided by 196.
95
Calculate the remainder when 3283 is divided by 387.
187
What is the remainder when 16207 is divided by 99?
70
What is the remainder when 19418 is divided by 117?
113
What is the remainder when 43414 is divided by 118?
108
Calculate the remainder when 31911 is divided by 266.
257
Calculate the remainder when 3585 is divided by 1784.
17
What is the remainder when 37266 is divided by 12418?
12
Calculate the remainder when 656498 is divided by 25.
23
What is the remainder when 4257 is divided by 90?
27
Calculate the remainder when 1862 is divided by 1621.
241
What is the remainder when 7751 is divided by 2577?
20
What is the remainder when 58361 is divided by 58125?
236
Calculate the remainder when 385742 is divided by 478.
474
Calculate the remainder when 102200 is divided by 34063.
11
Calculate the remainder when 88008 is divided by 704.
8
Calculate the remainder when 2206 is divided by 724.
34
What is the remainder when 219165 is divided by 144?
141
What is the remainder when 3894 is divided by 280?
254
What is the remainder when 2793 is divided by 46?
33
Calculate the remainder when 24811 is divided by 24806.
5
Calculate the remainder when 334585 is divided by 19681.
8
What is the remainder when 96630 is divided by 96610?
20
Calculate the remainder when 280804 is divided by 900.
4
What is the remainder when 1033 is divided by 389?
255
What is the remainder when 16927 is divided by 297?
295
Calculate the remainder when 7285 is divided by 810.
805
What is the remainder when 4870 is divided by 53?
47
What is the remainder when 2636 is divided by 54?
44
What is the remainder when 19681 is divided by 121?
79
What is the remainder when 1903 is divided by 219?
151
What is the remainder when 418195 is divided by 170?
165
What is the remainder when 2256 is divided by 16?
0
What is the remainder when 28620 is divided by 427?
11
What is the remainder when 7459 is divided by 3721?
17
Calculate the remainder when 1249 is divided by 252.
241
What is the remainder when 1802049 is divided by 115?
114
Calculate the remainder when 1521 is divided by 390.
351
Calculate the remainder when 95777 is divided by 87.
77
What is the remainder when 7392 is divided by 53?
25
What is the remain